{"id":11031,"date":"2017-10-01T14:02:19","date_gmt":"2017-10-01T12:02:19","guid":{"rendered":"http:\/\/www.bergkirchen.com\/site\/?page_id=11031"},"modified":"2021-10-12T10:54:27","modified_gmt":"2021-10-12T09:54:27","slug":"kinder-brauchen-engel","status":"publish","type":"page","link":"https:\/\/www.bergkirchen.com\/site\/kinder-brauchen-engel\/","title":{"rendered":"Hilfsprojekte"},"content":{"rendered":"<p>Bildung ist der Schl\u00fcssel zur Entwicklung der Pers\u00f6nlichkeit und zu einem erf\u00fcllten Leben. Die Ev. &#8211; Luth. Kirchengemeinde Bergkirchen unterst\u00fctzt Kinder in unmittelbarer N\u00e4he vor Ort genauso wie in der Partnergemeinde in Tansania mit zwei wichtigen Projekten. In der Weihnachtszeit gibt es dann noch eine direkte und herzliche Hilfe f\u00fcr Moldawien &#8230;<\/p>\n<h2 align=\"justify\"><span style=\"color: #ff9900;\">Kinder brauchen Engel<\/span><\/h2>\n<p>Wir, die Ev.- Luth. Kirchengemeinde Bergkirchen, m\u00f6chten Kindern, die Unterst\u00fctzung bei den Hausaufgaben brauchen, zur Seite stehen. Mit einem gro\u00dfen Team von zuverl\u00e4ssigen ehrenamtlichen Mitarbeitern bieten wir <b>dienstags und donnerstags<\/b> im Gemeindehaus Bergkirchen eine Hausaufgabenbetreuung in Absprache mit der Grundschule Wulferdingsen an. Die Kinder erhalten eine warme Mahlzeit und beginnen danach mit den Hausaufgaben.<\/p>\n<p>Hausaufgaben sind wichtig \u2013 aber manchmal ein Problem:<\/p>\n<p>\u2013 wenn es immer Streit gibt um die Hausaufgaben<br \/>\n\u2013 wenn keiner da ist, den man fragen kann<br \/>\n\u2013 wenn das Kind keine Ruhe oder keinen Platz hat<br \/>\n\u2013 oder wenn zu Hause die deutsche Sprache schwerf\u00e4llt<\/p>\n<p>Es auch Situationen oder N\u00f6te in der Familie, die vor\u00fcbergehend eine Hausaufgabenhilfe notwendig machen.<\/p>\n<p>Eine Anmeldung ist \u00fcber das Gemeindeb\u00fcro oder \u00fcber unseren <a href=\"https:\/\/www.bergkirchen.com\/site\/wp-content\/uploads\/2021\/05\/Einheit-2002.pdf\">Flyer<\/a> m\u00f6glich.<\/p>\n<p>Das Projekt \u201eKinder brauchen Engel\u201c wird \u00fcbrigens vollst\u00e4ndig aus Spenden finanziert. Wenn Sie dabei mithelfen m\u00f6chten, k\u00f6nnen Sie diese Arbeit gerne mit einer Spende unter dem Stichwort \u201eKinder brauchen Engel\u201c unterst\u00fctzen.<\/p>\n","protected":false},"excerpt":{"rendered":"<p>Bildung ist der Schl\u00fcssel zur Entwicklung der Pers\u00f6nlichkeit und zu einem erf\u00fcllten Leben. Die Ev. &#8211; Luth. Kirchengemeinde Bergkirchen unterst\u00fctzt Kinder in unmittelbarer N\u00e4he vor Ort genauso wie in der Partnergemeinde in Tansania mit zwei wichtigen Projekten. In der Weihnachtszeit gibt es dann noch eine direkte und herzliche Hilfe f\u00fcr Moldawien &#8230; Kinder brauchen Engel [&hellip;]<\/p>\n","protected":false},"author":6,"featured_media":11247,"parent":0,"menu_order":0,"comment_status":"closed","ping_status":"closed","template":"","meta":{"footnotes":""},"class_list":["post-11031","page","type-page","status-publish","has-post-thumbnail","hentry"],"_links":{"self":[{"href":"https:\/\/www.bergkirchen.com\/site\/wp-json\/wp\/v2\/pages\/11031","targetHints":{"allow":["GET"]}}],"collection":[{"href":"https:\/\/www.bergkirchen.com\/site\/wp-json\/wp\/v2\/pages"}],"about":[{"href":"https:\/\/www.bergkirchen.com\/site\/wp-json\/wp\/v2\/types\/page"}],"author":[{"embeddable":true,"href":"https:\/\/www.bergkirchen.com\/site\/wp-json\/wp\/v2\/users\/6"}],"replies":[{"embeddable":true,"href":"https:\/\/www.bergkirchen.com\/site\/wp-json\/wp\/v2\/comments?post=11031"}],"version-history":[{"count":25,"href":"https:\/\/www.bergkirchen.com\/site\/wp-json\/wp\/v2\/pages\/11031\/revisions"}],"predecessor-version":[{"id":15583,"href":"https:\/\/www.bergkirchen.com\/site\/wp-json\/wp\/v2\/pages\/11031\/revisions\/15583"}],"wp:featuredmedia":[{"embeddable":true,"href":"https:\/\/www.bergkirchen.com\/site\/wp-json\/wp\/v2\/media\/11247"}],"wp:attachment":[{"href":"https:\/\/www.bergkirchen.com\/site\/wp-json\/wp\/v2\/media?parent=11031"}],"curies":[{"name":"wp","href":"https:\/\/api.w.org\/{rel}","templated":true}]}}